f 122789075 and 1325?
1325
What is the greatest common divisor of 91 and 28018081?
91
Calculate the greatest common factor of 5390044 and 308.
44
What is the greatest common divisor of 11270 and 1994594?
98
What is the greatest common factor of 28 and 19512024?
28
What is the greatest common divisor of 22267553 and 77?
77
What is the greatest common divisor of 190655377 and 11?
11
What is the highest common divisor of 7614 and 23782?
94
What is the greatest common divisor of 3145550752 and 32?
32
What is the highest common divisor of 4704288 and 1140?
12
Calculate the highest common divisor of 381876095 and 15.
5
Calculate the greatest common divisor of 2699180 and 12980.
220
What is the highest common factor of 58800798 and 63?
63
Calculate the highest common divisor of 272314 and 16006.
106
Calculate the greatest common factor of 3819088 and 557452.
1204
What is the greatest common factor of 21586 and 1012534?
502
Calculate the highest common divisor of 14443 and 272272.
143
Calculate the highest common factor of 23933889 and 399.
21
Calculate the highest common divisor of 22075 and 188050.
25
What is the highest common divisor of 1519 and 1543087?
217
What is the greatest common factor of 1178 and 1720013?
19
What is the greatest common divisor of 497982589 and 26?
13
Calculate the highest common factor of 197208 and 125136.
792
Calculate the greatest common divisor of 76 and 5638500.
4
Calculate the highest common divisor of 6174 and 2821749.
21
What is the greatest common factor of 1013 and 1153706713?
1013
Calculate the highest common divisor of 26010 and 27190854.
5202
Calculate the highest common divisor of 484 and 3194510.
22
What is the greatest common divisor of 5367680 and 30?
10
Calculate the highest common divisor of 1501066 and 418117.
2597
What is the highest common factor of 57246168 and 96432?
6888
What is the highest common factor of 50 and 1989475?
25
What is the greatest common factor of 143891 and 4037?
11
Calculate the highest common divisor of 63061266 and 7988.
3994
Calculate the highest common divisor of 2725923 and 2139.
93
Calculate the highest common factor of 16690188 and 24.
12
Calculate the highest common factor of 880 and 72208320.
80
Calculate the highest common divisor of 55533 and 113313.
321
Calculate the highest common factor of 19161465 and 510.
255
Calculate the greatest common factor of 404 and 13295741.
101
Calculate the greatest common divisor of 24260 and 7780.
20
What is the greatest common divisor of 6056 and 309558496?
6056
Calculate the greatest common divisor of 3448 and 51636386.
862
What is the highest common divisor of 70478 and 10754082?
538
What is the highest common factor of 70710866 and 146?
146
Calculate the greatest common divisor of 104 and 2002975.
13
What is the greatest common divisor of 296191 and 229007?
323
Calculate the highest common divisor of 3918275 and 292.
73
What is the greatest common factor of 40224 and 2382096?
48
What is the highest common factor of 826574 and 96968?
782
What is the highest common factor of 860 and 1254110?
10
Calculate the greatest common factor of 26195 and 135005.
2015
Calculate the greatest common divisor of 18421589 and 284.
71
What is the highest common divisor of 1591 and 8320?
1
Calculate the highest common divisor of 11199 and 1324513196.
3733
What is the highest common factor of 206269 and 210140?
553
Calculate the greatest common divisor of 19325792 and 1504.
32
What is the greatest common factor of 125292 and 287226?
1182
Calculate the greatest common divisor of 7408 and 13872.
16
What is the highest common divisor of 427001624 and 2576?
1288
Calculate the highest common divisor of 3259296 and 5760.
288
What is the highest common factor of 6117382 and 1564?
34
What is the greatest common factor of 2812 and 36482242?
38
What is the highest common factor of 8649816 and 3?
3
Calculate the greatest common factor of 8160355 and 5992.
749
What is the greatest common factor of 8 and 320015?
1
What is the highest common divisor of 143064 and 24102310?
3974
Calculate the greatest common divisor of 308 and 96642.
14
Calculate the greatest common factor of 500 and 1045060.
20
Calculate the highest common divisor of 1730283 and 182541.
2571
What is the highest common factor of 72820 and 19602?
22
Calculate the highest common divisor of 320 and 212060960.
160
Calculate the greatest common factor of 229 and 1178844139.
229
What is the highest common factor of 28652 and 1780832?
2204
Calculate the highest common factor of 11158 and 1670648.
14
What is the highest common factor of 31724 and 440132?
308
Calculate the greatest common factor of 7992821 and 18.
1
Calculate the highest common divisor of 130 and 70830838.
26
Calculate the highest common factor of 164 and 37035341.
41
What is the highest common divisor of 88 and 65239020?
44
Calculate the greatest common divisor of 196711853 and 104.
13
Calculate the highest common divisor of 2055 and 855705.
15
What is the greatest common divisor of 56600 and 10326104?
2264
Calculate the greatest common factor of 12116170 and 7360.
230
Calculate the highest common factor of 2272 and 2219176.
568
What is the highest common divisor of 12445140 and 70?
10
Calculate the highest common divisor of 10987825 and 125.
25
Calculate the greatest common divisor of 47112264 and 4176.
72
Calculate the highest common factor of 238924 and 35475706.
2254
What is the highest common factor of 50864 and 63920?
272
What is the highest common factor of 57840 and 577583010?
7230
Calculate the greatest common factor of 511568 and 24.
8
Calculate the highest common divisor of 400219 and 91999.
467
What is the highest common divisor of 38 and 3116024434?
38
What is the greatest common factor of 19280144 and 112?
16
What is the highest common divisor of 19292460 and 22220?
220
What is the greatest common factor of 52005 and 9375?
15
What is the highest common divisor of 6940 and 10219150?
3470
What is the highest common divisor of 328915 and 173485?
785
Calculate the highest common divisor of 107682330 and 124890.
5430
What is the highest common factor of 200184 and 2565?
57
What is the greatest common divisor of 597 and 74080138?
199
What is the greatest common factor of 1885586 and 6183?
229
What is the highest common divisor of 608365 and 571835?
1405
Calculate the greatest common factor of 483879 and 18383.
31
Calculate the greatest common divisor of 124855874 and 844.
422
Calculate the highest common divisor of 22161006 and 567.
189
What is the highest common factor of 32535625 and 2500?
625
Calculate the greatest common factor of 3487745813 and 29.
29
Calculate the highest common divisor of 4855 and 46720.
5
Calculate the greatest common factor of 492 and 100633926.
246
What is the greatest common divisor of 285 and 34205505?
15
What is the greatest common factor of 135592 and 48192?
8
Calculate the highest common factor of 58233 and 291578.
413
Calculate the greatest common divisor of 3138 and 808576305.
1569
What is the greatest common factor of 1620 and 435972?
12
Calculate the highest common factor of 23138 and 64952.
46
Calculate the greatest common divisor of 866041 and 344373.
601
What is the greatest common factor of 35490 and 1964025?
105
Calculate the greatest common divisor of 2501388 and 35775.
1431
Calculate the highest common factor of 2854995 and 559.
13
What is the highest common factor of 5 and 1102071250?
5
What is the highest common divisor of 14238 and 442008?
126
Calculate the highest common divisor of 41134 and 97497.
157
Calculate the highest common divisor of 111 and 86409467.
37
What is the highest common divisor of 692146 and 7462?
182
What is the highest common factor of 792 and 36756036?
36
What is the greatest common divisor of 34700297 and 1099?
157
What is the greatest common factor of 31511047 and 119?
17
Calculate the highest common divisor of 139356 and 2003124.
948
What is the greatest common divisor of 1154 and 102830632?
1154
What is the highest common factor of 13595011 and 23514?
3919
Calculate the highest common divisor of 47929 and 11890.
41
Calculate the greatest common factor of 15392 and 74000.
592
Calculate the greatest common factor of 300 and 104085.
15
Calculate the greatest com